{"id":10076,"date":"2022-10-04T14:58:18","date_gmt":"2022-10-04T14:58:18","guid":{"rendered":"http:\/\/www.xonken.com\/site\/?page_id=10076"},"modified":"2023-01-31T15:40:27","modified_gmt":"2023-01-31T15:40:27","slug":"soluciones","status":"publish","type":"page","link":"https:\/\/www.xonken.com\/site\/es\/soluciones\/","title":{"rendered":"Soluciones"},"content":{"rendered":"<p>[vc_row kd_background_image_position=&#8221;vc_row-bg-position-top&#8221; css=&#8221;.vc_custom_1606146883027{margin-bottom: 100px !important;}&#8221;][vc_column]<div class=\"feature-sections-wrapper navigation-icons kd-fsp-69ebbbe9128be\">\r\n            <div class=\"feature-sections-tabs  \">\r\n              <nav class=\"kd-feature-tabs\">\r\n                <ul class=\"nav nav-tabs sticky-tabs container\">\r\n                <\/ul>\r\n              <\/nav>\r\n            <\/div>\r\n            <section id=\"OIL\" class=\"featured-right \"><li class=\"nav-label\"><a class=\"feature-tabs-scroll\" href=\"#OIL\"><span class=\"nav-number\"><\/span><i class=\"iconsmind-Refinery iconsmind-Industry fss-nav-icon\" style=\" \"><\/i> Industria Petrolera<\/a><\/li><div class=\"container\">\r\n                <div class=\"side-content-wrapper kd-animated fadeInLeft\" data-animation-delay=\"200\"><h2 class=\"side-content-title\" >INDUSTRIA PETROLERA<\/h2><h6 class=\"side-content-subtitle\" >XONKEN ofrece l\u00edneas de productos para el proceso de refiner\u00eda de petr\u00f3leo y campos de perforaci\u00f3n de petr\u00f3leo, tales como:<\/h6><div class=\"side-content-text\" ><\/p>\n<ul>\n<li><em>Cintas transportadoras<\/em><\/li>\n<li>\u00a0<em>Correas trapezoidales industriales<\/em><\/li>\n<li>\u00a0<em>Cinturones de sincronizaci\u00f3n<\/em><\/li>\n<li>\u00a0<em>Embalaje de l\u00e1mina de caucho<\/em><\/li>\n<li>\u00a0<em>Mangueras OS&amp;D<\/em><\/li>\n<li>\u00a0<em>Mangueras Rotatorias y Vibradoras<\/em><\/li>\n<\/ul>\n<p><\/div><\/div><div class=\"side-featured-wrapper fss-rectangle kd-animated fadeInRight fss-shadow-image\" data-animation-delay=\"200\">\r\n      <div class=\"featured-image\"><a data-size=\"1024x771\" href=https:\/\/www.xonken.com\/site\/wp-content\/uploads\/2021\/09\/solu01-1024x771.jpg><img width=\"1100\" height=\"828\" src=\"https:\/\/www.xonken.com\/site\/wp-content\/uploads\/2021\/09\/solu01.jpg\" class=\"attachment-full\" alt=\"\" loading=\"lazy\" srcset=\"https:\/\/www.xonken.com\/site\/wp-content\/uploads\/2021\/09\/solu01.jpg 1100w, https:\/\/www.xonken.com\/site\/wp-content\/uploads\/2021\/09\/solu01-300x226.jpg 300w, https:\/\/www.xonken.com\/site\/wp-content\/uploads\/2021\/09\/solu01-1024x771.jpg 1024w, https:\/\/www.xonken.com\/site\/wp-content\/uploads\/2021\/09\/solu01-768x578.jpg 768w\" sizes=\"(max-width: 1100px) 100vw, 1100px\" \/><\/a><\/div>\r\n    <\/div><\/div>\r\n            <\/section><section id=\"MINING\" class=\"featured-left \"><li class=\"nav-label\"><a class=\"feature-tabs-scroll\" href=\"#MINING\"><span class=\"nav-number\"><\/span><i class=\"iconsmind-Mine iconsmind-Industry fss-nav-icon\" style=\" \"><\/i> Industria Minera<\/a><\/li><div class=\"container\">\r\n                <div class=\"side-content-wrapper kd-animated fadeInRight\" data-animation-delay=\"200\"><h2 class=\"side-content-title\" >INDUSTRIA MINERA<\/h2><h6 class=\"side-content-subtitle\" >XONKEN brinda el m\u00e1ximo rendimiento y asegura la continuidad de su proceso en aplicaciones de trabajo pesado en el sector minero.<\/h6><div class=\"side-content-text\" ><\/p>\n<ul>\n<li><em>Mangueras hidr\u00e1ulicas<\/em><\/li>\n<li><em>Accesorios hidr\u00e1ulicos<\/em><\/li>\n<li><em>Adaptadores hidr\u00e1ulicos<\/em><\/li>\n<li><em>Acoplamientos hidr\u00e1ulicos y neum\u00e1ticos<\/em><\/li>\n<\/ul>\n<p><\/div><\/div><div class=\"side-featured-wrapper fss-rectangle kd-animated fadeInLeft fss-shadow-image\" data-animation-delay=\"200\">\r\n      <div class=\"featured-image\"><a data-size=\"1024x771\" href=https:\/\/www.xonken.com\/site\/wp-content\/uploads\/2021\/09\/solu02-1024x771.jpg><img width=\"1100\" height=\"828\" src=\"https:\/\/www.xonken.com\/site\/wp-content\/uploads\/2021\/09\/solu02.jpg\" class=\"attachment-full\" alt=\"\" loading=\"lazy\" srcset=\"https:\/\/www.xonken.com\/site\/wp-content\/uploads\/2021\/09\/solu02.jpg 1100w, https:\/\/www.xonken.com\/site\/wp-content\/uploads\/2021\/09\/solu02-300x226.jpg 300w, https:\/\/www.xonken.com\/site\/wp-content\/uploads\/2021\/09\/solu02-1024x771.jpg 1024w, https:\/\/www.xonken.com\/site\/wp-content\/uploads\/2021\/09\/solu02-768x578.jpg 768w\" sizes=\"(max-width: 1100px) 100vw, 1100px\" \/><\/a><\/div>\r\n    <\/div><\/div>\r\n            <\/section><section id=\"GENERAL\" class=\"featured-right \"><li class=\"nav-label\"><a class=\"feature-tabs-scroll\" href=\"#GENERAL\"><span class=\"nav-number\"><\/span><i class=\"iconsmind-Factory iconsmind-Industry fss-nav-icon\" style=\" \"><\/i> Industria General<\/a><\/li><div class=\"container\">\r\n                <div class=\"side-content-wrapper kd-animated fadeInLeft\" data-animation-delay=\"200\"><h2 class=\"side-content-title\" >INDUSTRIA GENERAL<\/h2><h6 class=\"side-content-subtitle\" >Para la industria en general, los productos de ingenier\u00eda de caucho son una excelente alternativa para reducir el tiempo de reemplazo y las paradas inesperadas de la m\u00e1quina para procesos monitoreados en plantas y f\u00e1bricas qu\u00edmicas, de cemento, papel, alimentos, vidrio, pl\u00e1stico y ensamblaje.<\/h6><div class=\"side-content-text\" ><\/p>\n<ul>\n<li><em>Cinturones Industriales<\/em><\/li>\n<li><em>Mangueras y accesorios hidr\u00e1ulicos<\/em><\/li>\n<li><em>Cintas transportadoras ligeras<\/em><\/li>\n<li><em>Mangueras Industriales<\/em><\/li>\n<li><em>Mangueras de agua\/aire\/aceite<\/em><\/li>\n<li><em>Acoplamientos Industriales<\/em><\/li>\n<li><em>Embalaje de l\u00e1mina de caucho<\/em><\/li>\n<\/ul>\n<p><\/div><\/div><div class=\"side-featured-wrapper fss-rectangle kd-animated fadeInRight fss-shadow-image\" data-animation-delay=\"200\">\r\n      <div class=\"featured-image\"><a data-size=\"1024x771\" href=https:\/\/www.xonken.com\/site\/wp-content\/uploads\/2021\/10\/solu07-1024x771.jpg><img width=\"1100\" height=\"828\" src=\"https:\/\/www.xonken.com\/site\/wp-content\/uploads\/2021\/10\/solu07.jpg\" class=\"attachment-full\" alt=\"\" loading=\"lazy\" srcset=\"https:\/\/www.xonken.com\/site\/wp-content\/uploads\/2021\/10\/solu07.jpg 1100w, https:\/\/www.xonken.com\/site\/wp-content\/uploads\/2021\/10\/solu07-300x226.jpg 300w, https:\/\/www.xonken.com\/site\/wp-content\/uploads\/2021\/10\/solu07-1024x771.jpg 1024w, https:\/\/www.xonken.com\/site\/wp-content\/uploads\/2021\/10\/solu07-768x578.jpg 768w\" sizes=\"(max-width: 1100px) 100vw, 1100px\" \/><\/a><\/div>\r\n    <\/div><\/div>\r\n            <\/section><section id=\"AUTOMOTIVE\" class=\"featured-left \"><li class=\"nav-label\"><a class=\"feature-tabs-scroll\" href=\"#AUTOMOTIVE\"><span class=\"nav-number\"><\/span><i class=\"iconsmind-Car-3 iconsmind-Transportation fss-nav-icon\" style=\" \"><\/i> Sector Automotriz<\/a><\/li><div class=\"container\">\r\n                <div class=\"side-content-wrapper kd-animated fadeInRight\" data-animation-delay=\"200\"><h2 class=\"side-content-title\" >SECTOR AUTOMOTRIZ<\/h2><h6 class=\"side-content-subtitle\" >Las l\u00edneas de productos AUTOXON \/ XONKEN dirigidas al mercado de repuestos automotrices son alternativas competitivas para toda la gama de veh\u00edculos: motocicletas, autom\u00f3viles de pasajeros, LUV, camiones ligeros y camiones pesados.<\/h6><div class=\"side-content-text\" ><\/p>\n<ul>\n<li><em>Correas de ventilador para autom\u00f3viles<\/em><\/li>\n<li><em>Correas dentadas autom\u00e1ticas<\/em><\/li>\n<li><em>Suspensiones de Aire<\/em><\/li>\n<li><em>Poleas<\/em><\/li>\n<\/ul>\n<p><\/div><\/div><div class=\"side-featured-wrapper fss-rectangle kd-animated fadeInLeft fss-shadow-image\" data-animation-delay=\"200\">\r\n      <div class=\"featured-image\"><a data-size=\"1024x771\" href=https:\/\/www.xonken.com\/site\/wp-content\/uploads\/2021\/10\/solu041-1024x771.jpg><img width=\"1100\" height=\"828\" src=\"https:\/\/www.xonken.com\/site\/wp-content\/uploads\/2021\/10\/solu041.jpg\" class=\"attachment-full\" alt=\"\" loading=\"lazy\" srcset=\"https:\/\/www.xonken.com\/site\/wp-content\/uploads\/2021\/10\/solu041.jpg 1100w, https:\/\/www.xonken.com\/site\/wp-content\/uploads\/2021\/10\/solu041-300x226.jpg 300w, https:\/\/www.xonken.com\/site\/wp-content\/uploads\/2021\/10\/solu041-1024x771.jpg 1024w, https:\/\/www.xonken.com\/site\/wp-content\/uploads\/2021\/10\/solu041-768x578.jpg 768w\" sizes=\"(max-width: 1100px) 100vw, 1100px\" \/><\/a><\/div>\r\n    <\/div><\/div>\r\n            <\/section>\r\n            <\/div><style><\/style>[\/vc_column][\/vc_row][vc_row full_width=&#8221;stretch_row&#8221; parallax=&#8221;content-moving&#8221; parallax_speed_bg=&#8221;1.3&#8243; kd_background_image_position=&#8221;vc_row-bg-position-center&#8221; kd_fixed_background=&#8221;true&#8221; css=&#8221;.vc_custom_1632885158637{padding-top: 200px !important;padding-bottom: 200px !important;background-image: url(http:\/\/www.xonken.com\/site\/wp-content\/uploads\/2021\/09\/solu05.jpg?id=9712) !important;}&#8221; css_tablet_portrait=&#8221;.vc_custom_1632885158638{padding-top: 150px !important;padding-bottom: 150px !important;}&#8221; css_mobile=&#8221;.vc_custom_1632885158638{padding-top: 150px !important;padding-bottom: 150px !important;}&#8221; css_tablet_landscape=&#8221;.vc_custom_1632885158637{padding-bottom: 120px !important;}&#8221;][vc_column css=&#8221;.vc_custom_1516115464846{padding-left: 0px !important;}&#8221;][vc_row_inner kd_background_image_position=&#8221;vc_row-bg-position-top&#8221;][vc_column_inner]<div class=\"video-container play-button-center big-video-btn   kd-animated zoomIn\" data-animation-delay=200><a href=\"https:\/\/youtu.be\/D_gVPo26p-M\" class=\" \" target=\"_blank\"><span class=\"play-video\"><span class=\"sway-play\"><\/span><\/span><\/a><\/div>[\/vc_column_inner][\/vc_row_inner][\/vc_column][\/vc_row][vc_row full_width=&#8221;stretch_row&#8221; disable_element=&#8221;yes&#8221; kd_background_image_position=&#8221;vc_row-bg-position-top&#8221; css=&#8221;.vc_custom_1630526982212{border-bottom-width: 1px !important;border-bottom-color: #e7e7e7 !important;border-bottom-style: solid !important;}&#8221;][vc_column][vc_row_inner kd_background_image_position=&#8221;vc_row-bg-position-top&#8221; css=&#8221;.vc_custom_1598438697936{padding-top: 100px !important;padding-bottom: 100px !important;}&#8221;][vc_column_inner width=&#8221;1\/4&#8243;]<div class=\"kd_counter icon-top  kd-animated fadeInUp\" ><div class=\"kd_counter_content\"><h4 class=\"kd_counter_number\"><span class=\"kd_number_string\" style=\"font-weight:400;\" data-from=\"0\" data-to=\"100\" data-refresh-interval=\"50\">0<\/span><span class=\"kd_counter_units\" style=\"font-weight:400;\">+<\/span><\/h4><div class=\"kd_counter_text\" >Team Members<\/div><\/div><\/div>[\/vc_column_inner][vc_column_inner width=&#8221;1\/4&#8243;]<div class=\"kd_counter icon-top  kd-animated fadeInUp\" data-animation-delay=200><div class=\"kd_counter_content\"><h4 class=\"kd_counter_number\"><span class=\"kd_number_string\" style=\"font-weight:400;\" data-from=\"0\" data-to=\"20\" data-refresh-interval=\"50\">0<\/span><span class=\"kd_counter_units\" style=\"font-weight:400;\">+<\/span><\/h4><div class=\"kd_counter_text\" >Years of Experience<\/div><\/div><\/div>[\/vc_column_inner][vc_column_inner width=&#8221;1\/4&#8243;]<div class=\"kd_counter icon-top  kd-animated fadeInUp\" data-animation-delay=400><div class=\"kd_counter_content\"><h4 class=\"kd_counter_number\"><span class=\"kd_number_string\" style=\"font-weight:400;\" data-from=\"0\" data-to=\"150\" data-refresh-interval=\"50\">0<\/span><span class=\"kd_counter_units\" style=\"font-weight:400;\">%<\/span><\/h4><div class=\"kd_counter_text\" >Fastest Growing Agency<\/div><\/div><\/div>[\/vc_column_inner][vc_column_inner width=&#8221;1\/4&#8243;]<div class=\"kd_counter icon-top  kd-animated fadeInUp\" data-animation-delay=600><div class=\"kd_counter_content\"><h4 class=\"kd_counter_number\"><span class=\"kd_number_string\" style=\"font-weight:400;\" data-from=\"0\" data-to=\"4200\" data-refresh-interval=\"50\">0<\/span><span class=\"kd_counter_units\" style=\"font-weight:400;\">+<\/span><\/h4><div class=\"kd_counter_text\" >Happy Customers<\/div><\/div><\/div>[\/vc_column_inner][\/vc_row_inner][\/vc_column][\/vc_row][vc_row full_width=&#8221;stretch_row&#8221; kd_background_image_position=&#8221;vc_row-bg-position-top&#8221; css=&#8221;.vc_custom_1606147062320{padding-top: 80px !important;padding-bottom: 120px !important;}&#8221; css_tablet_landscape=&#8221;.vc_custom_1606147062322{padding-bottom: 250px !important;}&#8221; css_tablet_portrait=&#8221;.vc_custom_1606147062323{padding-top: 100px !important;padding-bottom: 140px !important;}&#8221; css_mobile=&#8221;.vc_custom_1606147062325{padding-top: 100px !important;padding-bottom: 100px !important;}&#8221;][vc_column][vc_row_inner kd_background_image_position=&#8221;vc_row-bg-position-top&#8221;][vc_column_inner]<header class=\"kd-section-title col-lg-12 text-center  subtitle-below-title kd-animated fadeIn   vc_custom_1675179573274\" data-animation-delay=200><h2 class=\"separator_off\" >\u00a1Cont\u00e1ctenos y empecemos a trabajar juntos!<\/h2><h6 class=\"subtitle\" >En Xonken no nos limitamos a venderle productos. Tambi\u00e9n nos especializamos en brindarle una estrategia comercial nueva e innovadora que abarca soluciones para los problemas comunes de la cadena de suministro y convertir todas las oportunidades de marketing en ganancia.<br \/>\nPara consultas y preguntas, por favor no dude en comunicarse!<\/h6><\/header><a  href=\"http:\/\/www.xonken.com\/site\/xonken\/contact-us\/\"  target=\"_self\"  title=\"Contact us\" class=\"tt_button tt_primary_button btn_primary_color  button-center button-action-link   kd-animated zoomIn add-margin-right\" data-animation-delay=200><span class=\"prim_text\">Contactar ahora<\/span><\/a>[\/vc_column_inner][\/vc_row_inner][\/vc_column][\/vc_row]<\/p>\n","protected":false},"excerpt":{"rendered":"<p>[vc_row kd_background_image_position=&#8221;vc_row-bg-position-top&#8221; css=&#8221;.vc_custom_1606146883027{margin-bottom: 100px !important;}&#8221;][vc_column][\/vc_column][\/vc_row][vc_row full_width=&#8221;stretch_row&#8221; parallax=&#8221;content-moving&#8221; parallax_speed_bg=&#8221;1.3&#8243; kd_background_image_position=&#8221;vc_row-bg-position-center&#8221; kd_fixed_background=&#8221;true&#8221; css=&#8221;.vc_custom_1632885158637{padding-top: 200px !important;padding-bottom: 200px !important;background-image: url(http:\/\/www.xonken.com\/site\/wp-content\/uploads\/2021\/09\/solu05.jpg?id=9712) !important;}&#8221; css_tablet_portrait=&#8221;.vc_custom_1632885158638{padding-top: 150px !important;padding-bottom: [&hellip;]<\/p>\n","protected":false},"author":1,"featured_media":9713,"parent":0,"menu_order":0,"comment_status":"closed","ping_status":"closed","template":"","meta":{"_mi_skip_tracking":false},"yoast_head":"<!-- This site is optimized with the Yoast SEO plugin v18.4.1 - https:\/\/yoast.com\/wordpress\/plugins\/seo\/ -->\n<title>Industrial Soluciones - Xonken<\/title>\n<meta name=\"description\" content=\"Industrial Solution for Xonken: OIL INDUSTRY \/ MINING INDUSTRY \/ GENERAL INDUSTRY \/ AUTOMOTIVE SECTOR \/ Hoses \/ Belts and more\" \/>\n<meta name=\"robots\" content=\"index, follow, max-snippet:-1, max-image-preview:large, max-video-preview:-1\" \/>\n<link rel=\"canonical\" href=\"https:\/\/www.xonken.com\/site\/es\/soluciones\/\" \/>\n<meta property=\"og:locale\" content=\"es_ES\" \/>\n<meta property=\"og:type\" content=\"article\" \/>\n<meta property=\"og:title\" content=\"Industrial Soluciones - Xonken\" \/>\n<meta property=\"og:description\" content=\"Industrial Solution for Xonken: OIL INDUSTRY \/ MINING INDUSTRY \/ GENERAL INDUSTRY \/ AUTOMOTIVE SECTOR \/ Hoses \/ Belts and more\" \/>\n<meta property=\"og:url\" content=\"https:\/\/www.xonken.com\/site\/es\/soluciones\/\" \/>\n<meta property=\"og:site_name\" content=\"Xonken\" \/>\n<meta property=\"article:modified_time\" content=\"2023-01-31T15:40:27+00:00\" \/>\n<meta property=\"og:image\" content=\"http:\/\/www.xonken.com\/site\/wp-content\/uploads\/2021\/09\/solu06.jpg\" \/>\n\t<meta property=\"og:image:width\" content=\"1920\" \/>\n\t<meta property=\"og:image:height\" content=\"450\" \/>\n\t<meta property=\"og:image:type\" content=\"image\/jpeg\" \/>\n<meta name=\"twitter:card\" content=\"summary_large_image\" \/>\n<meta name=\"twitter:label1\" content=\"Tiempo de lectura\" \/>\n\t<meta name=\"twitter:data1\" content=\"3 minutos\" \/>\n<script type=\"application\/ld+json\" class=\"yoast-schema-graph\">{\"@context\":\"https:\/\/schema.org\",\"@graph\":[{\"@type\":\"WebSite\",\"@id\":\"https:\/\/www.xonken.com\/site\/#website\",\"url\":\"https:\/\/www.xonken.com\/site\/\",\"name\":\"Xonken\",\"description\":\"Specialists in development and manufacturing of rubber products.\",\"potentialAction\":[{\"@type\":\"SearchAction\",\"target\":{\"@type\":\"EntryPoint\",\"urlTemplate\":\"https:\/\/www.xonken.com\/site\/?s={search_term_string}\"},\"query-input\":\"required name=search_term_string\"}],\"inLanguage\":\"es\"},{\"@type\":\"ImageObject\",\"@id\":\"https:\/\/www.xonken.com\/site\/es\/soluciones\/#primaryimage\",\"inLanguage\":\"es\",\"url\":\"https:\/\/www.xonken.com\/site\/wp-content\/uploads\/2021\/09\/solu06.jpg\",\"contentUrl\":\"https:\/\/www.xonken.com\/site\/wp-content\/uploads\/2021\/09\/solu06.jpg\",\"width\":1920,\"height\":450},{\"@type\":\"WebPage\",\"@id\":\"https:\/\/www.xonken.com\/site\/es\/soluciones\/#webpage\",\"url\":\"https:\/\/www.xonken.com\/site\/es\/soluciones\/\",\"name\":\"Industrial Soluciones - Xonken\",\"isPartOf\":{\"@id\":\"https:\/\/www.xonken.com\/site\/#website\"},\"primaryImageOfPage\":{\"@id\":\"https:\/\/www.xonken.com\/site\/es\/soluciones\/#primaryimage\"},\"datePublished\":\"2022-10-04T14:58:18+00:00\",\"dateModified\":\"2023-01-31T15:40:27+00:00\",\"description\":\"Industrial Solution for Xonken: OIL INDUSTRY \/ MINING INDUSTRY \/ GENERAL INDUSTRY \/ AUTOMOTIVE SECTOR \/ Hoses \/ Belts and more\",\"breadcrumb\":{\"@id\":\"https:\/\/www.xonken.com\/site\/es\/soluciones\/#breadcrumb\"},\"inLanguage\":\"es\",\"potentialAction\":[{\"@type\":\"ReadAction\",\"target\":[\"https:\/\/www.xonken.com\/site\/es\/soluciones\/\"]}]},{\"@type\":\"BreadcrumbList\",\"@id\":\"https:\/\/www.xonken.com\/site\/es\/soluciones\/#breadcrumb\",\"itemListElement\":[{\"@type\":\"ListItem\",\"position\":1,\"name\":\"Portada\",\"item\":\"http:\/\/www.xonken.com\/site\/\"},{\"@type\":\"ListItem\",\"position\":2,\"name\":\"Soluciones\"}]}]}<\/script>\n<!-- \/ Yoast SEO plugin. -->","yoast_head_json":{"title":"Industrial Soluciones - Xonken","description":"Industrial Solution for Xonken: OIL INDUSTRY \/ MINING INDUSTRY \/ GENERAL INDUSTRY \/ AUTOMOTIVE SECTOR \/ Hoses \/ Belts and more","robots":{"index":"index","follow":"follow","max-snippet":"max-snippet:-1","max-image-preview":"max-image-preview:large","max-video-preview":"max-video-preview:-1"},"canonical":"https:\/\/www.xonken.com\/site\/es\/soluciones\/","og_locale":"es_ES","og_type":"article","og_title":"Industrial Soluciones - Xonken","og_description":"Industrial Solution for Xonken: OIL INDUSTRY \/ MINING INDUSTRY \/ GENERAL INDUSTRY \/ AUTOMOTIVE SECTOR \/ Hoses \/ Belts and more","og_url":"https:\/\/www.xonken.com\/site\/es\/soluciones\/","og_site_name":"Xonken","article_modified_time":"2023-01-31T15:40:27+00:00","og_image":[{"width":1920,"height":450,"url":"http:\/\/www.xonken.com\/site\/wp-content\/uploads\/2021\/09\/solu06.jpg","type":"image\/jpeg"}],"twitter_card":"summary_large_image","twitter_misc":{"Tiempo de lectura":"3 minutos"},"schema":{"@context":"https:\/\/schema.org","@graph":[{"@type":"WebSite","@id":"https:\/\/www.xonken.com\/site\/#website","url":"https:\/\/www.xonken.com\/site\/","name":"Xonken","description":"Specialists in development and manufacturing of rubber products.","potentialAction":[{"@type":"SearchAction","target":{"@type":"EntryPoint","urlTemplate":"https:\/\/www.xonken.com\/site\/?s={search_term_string}"},"query-input":"required name=search_term_string"}],"inLanguage":"es"},{"@type":"ImageObject","@id":"https:\/\/www.xonken.com\/site\/es\/soluciones\/#primaryimage","inLanguage":"es","url":"https:\/\/www.xonken.com\/site\/wp-content\/uploads\/2021\/09\/solu06.jpg","contentUrl":"https:\/\/www.xonken.com\/site\/wp-content\/uploads\/2021\/09\/solu06.jpg","width":1920,"height":450},{"@type":"WebPage","@id":"https:\/\/www.xonken.com\/site\/es\/soluciones\/#webpage","url":"https:\/\/www.xonken.com\/site\/es\/soluciones\/","name":"Industrial Soluciones - Xonken","isPartOf":{"@id":"https:\/\/www.xonken.com\/site\/#website"},"primaryImageOfPage":{"@id":"https:\/\/www.xonken.com\/site\/es\/soluciones\/#primaryimage"},"datePublished":"2022-10-04T14:58:18+00:00","dateModified":"2023-01-31T15:40:27+00:00","description":"Industrial Solution for Xonken: OIL INDUSTRY \/ MINING INDUSTRY \/ GENERAL INDUSTRY \/ AUTOMOTIVE SECTOR \/ Hoses \/ Belts and more","breadcrumb":{"@id":"https:\/\/www.xonken.com\/site\/es\/soluciones\/#breadcrumb"},"inLanguage":"es","potentialAction":[{"@type":"ReadAction","target":["https:\/\/www.xonken.com\/site\/es\/soluciones\/"]}]},{"@type":"BreadcrumbList","@id":"https:\/\/www.xonken.com\/site\/es\/soluciones\/#breadcrumb","itemListElement":[{"@type":"ListItem","position":1,"name":"Portada","item":"http:\/\/www.xonken.com\/site\/"},{"@type":"ListItem","position":2,"name":"Soluciones"}]}]}},"_links":{"self":[{"href":"https:\/\/www.xonken.com\/site\/wp-json\/wp\/v2\/pages\/10076"}],"collection":[{"href":"https:\/\/www.xonken.com\/site\/wp-json\/wp\/v2\/pages"}],"about":[{"href":"https:\/\/www.xonken.com\/site\/wp-json\/wp\/v2\/types\/page"}],"author":[{"embeddable":true,"href":"https:\/\/www.xonken.com\/site\/wp-json\/wp\/v2\/users\/1"}],"replies":[{"embeddable":true,"href":"https:\/\/www.xonken.com\/site\/wp-json\/wp\/v2\/comments?post=10076"}],"version-history":[{"count":6,"href":"https:\/\/www.xonken.com\/site\/wp-json\/wp\/v2\/pages\/10076\/revisions"}],"predecessor-version":[{"id":10164,"href":"https:\/\/www.xonken.com\/site\/wp-json\/wp\/v2\/pages\/10076\/revisions\/10164"}],"wp:featuredmedia":[{"embeddable":true,"href":"https:\/\/www.xonken.com\/site\/wp-json\/wp\/v2\/media\/9713"}],"wp:attachment":[{"href":"https:\/\/www.xonken.com\/site\/wp-json\/wp\/v2\/media?parent=10076"}],"curies":[{"name":"wp","href":"https:\/\/api.w.org\/{rel}","templated":true}]}}